et s(i) = i**2 - 16*i + 25. Let d = 5531 + -5517. Calculate s(d).
-3
Let c be 182/(-9) - -2 - 4/(-18). Let g(n) = n + 25. Let j(d) = -d - 23. Let r(l) = -3*g(l) - 4*j(l). Determine r(c).
-1
Let y(c) = 2*c**3 + c**2 - c + 1. Let z = 10628 - 10630. Determine y(z).
-9
Let m(n) = n**2 + n - 10. Let r(q) = -q**3 + 5*q**2 + 8*q - 30. Let o(f) = -3*m(f) + r(f). Suppose 0 = 3*a - 0*a - 12. What is o(a)?
-12
Let g = 2350 + -2350. Let a(w) = w**3 + w**2 - w - 5. What is a(g)?
-5
Let n = 2 + 2. Let b(q) = 24*q**3 + 33*q**2 + q - 1. Let p(h) = -7*h**3 - 9*h**2 + 1. Let f(i) = 2*b(i) + 7*p(i). What is f(n)?
-3
Let j(s) = 10*s**2 + 1260*s - 12. Let y be j(-126). Let n(q) = -q**2 - 2*q + 29. What is n(y)?
-91
Let u(h) = 3*h - h**2 - h - 1435 + 7*h + 1424. What is u(12)?
-47
Let d(l) be the third derivative of 13*l**2 - 5/12*l**4 + 0*l + 0 - l**3. What is d(-5)?
44
Let w be -4 + (-100)/(-12) - 96/(-144). Let r(k) = -k**2 - 7*k - 1. What is r(w)?
-61
Suppose 3*k - 15 = 0, 4*k + 145 + 195 = 3*w. Suppose -w = -12*p - 36. Let g(n) be the first derivative of -n**3/3 + 7*n**2/2 - 5*n + 3. Give g(p).
-5
Let b be 26972/4 - 30/(-5). Let c(v) = b*v**2 - 6748*v**2 - 5*v - 3 + 2*v. Give c(-2).
7
Let s be (-147)/(-2)*352/(-33). Let u = -781 - s. Let f(z) = -4 - 4*z + 3*z + 7*z. Give f(u).
14
Let x = 159 + -59. Suppose 0*z - 5*z = -x. Suppose 4*n = 4*v + z, v + n = -4*v - 13. Let a(w) = -2*w**3 - 5*w**2 - 3*w + 1. What is a(v)?
19
Let a(u) = u**3 + 16*u**2 + 8*u - 1. Let f be a(-16). Let z = f - -132. Let o(q) be the first derivative of q**3/3 - 3*q**2/2 + 2*q + 1. What is o(z)?
2
Let q be (0/(-2) + 2)/((-4)/10). Let p(j) = -7*j - 11. Give p(q).
24
Suppose 4*j = 3*c - 3, -2*c + 19 = j + 2*j. Let a(u) = -4 - 3*u - j*u - u + 5*u. What is a(-5)?
6
Let o(t) be the first derivative of -3/2*t**2 + 69 + 4*t - 1/4*t**4 + 4/3*t**3. Suppose -2*w = a + a - 4, 12 = 2*w - 2*a. What is o(w)?
-8
Let p be 0/((5 + 1)/(-3)). Suppose -j = -p*j - 2. Let x(d) = -2202 - 2*d**2 + 739 + 730 + 734. Calculate x(j).
-7
Suppose -13*k + 5 = -18*k. Let o(w) = 4*w**2 - 2. Let y(a) = -2*a**2 + 1. Let v(c) = 4*o(c) + 7*y(c). Determine v(k).
1
Let a(y) = -5*y**2 - 162*y - 12. Let o(m) = 9*m**2 + 298*m + 22. Let f(r) = -11*a(r) - 6*o(r). Let k(p) = -p**2 + 6. Let q be k(0). Calculate f(q).
0
Let w(j) = 2*j**3 + 2*j**2 - 2*j - 3. Let f(i) = -8 + 33 + 4*i + 5*i + 17 - 20*i. Let l be f(4). What is w(l)?
-7
Let y(t) = -t**2 - t + 69. Let q(n) = 5*n**2 + n - 209. Let a(z) = -q(z) - 3*y(z). Let w(c) = -2*c - 4. Let u be w(-3). Give a(u).
-2
Let y(a) = a + 11. Let u(h) = h**2 - 106*h + 1051. Let w be u(11). Calculate y(w).
17
Suppose -196*i + 544 = -828. Let f(x) = 3*x - 3*x + x. Determine f(i).
7
Suppose 10*h + 72*h - 581 = -h. Let y(t) = 8*t - 46. Determine y(h).
10
Let k(v) be the second derivative of v**3/3 - 3*v. Suppose 3*g + 5 = 3*h - 2*h, 5*h + 20 = 0. Let p be -2 - (5 + -5)*g/(-3). Determine k(p).
-4
Let c(j) = -131*j**2 + 7*j - 15. Let d(z) = -78*z**2 + 4*z - 8. Let b(k) = 6*c(k) - 10*d(k). Determine b(3).
-58
Let c(k) = -k + 3. Let o(z) = z**2 - 14*z - 17. Let t be o(12). Let i = t + 43. Suppose i*n - 5*m - 5 - 5 = 0, n - 2 = m. Calculate c(n).
3
Let m(y) = -y**3 + 10*y**2 + 13. Suppose s - 6 = -3*j, -5*s = -j - 12 - 2. Let f(n) = -n**2 - n - 1. Let r(v) = j*m(v) + f(v). Give r(9).
3
Let h = -16889 + 16895. Let b(z) = z**3 - 7*z**2 + 2*z + 2. Let o(w) = -w. Let d(u) = -b(u) + 4*o(u). Calculate d(h).
-2
Let g(m) = 14*m - 6. Let d be 3/54*-46 + 24/(-54). Give g(d).
-48
Let n(i) = -5*i - 53. Let m(t) = 3*t + 2. Let w(f) = -2*m(f) - 2*n(f). Give w(-26).
-2
Let o(i) = -5*i - 1. Suppose -94 = m - 97. Suppose -11 = -m*w + 14*w. Calculate o(w).
4
Let y(l) = -l**2. Let r(u) = -u**3 + 3*u**2 - 3*u + 5. Let o = 21 - 9. Let g = o - 13. Let j(x) = g*y(x) + r(x). Calculate j(4).
-7
Suppose -6*i - 20 = -2*i, -4*i - 125 = -5*o. Suppose -30 = -3*g - o. Let x(t) = t**3 + 2*t**3 - t**2 - 4*t**3 - 4*t + 2*t**g. Determine x(3).
6
Let c(f) = f**2 - 23*f + 120. Let n be c(16). Let x(j) = -2*j**2 + 2*j**2 - 7 - 8*j + j**2. What is x(n)?
-7
Let u(m) = m**2 - m - 5. Let v be u(0). Let p(w) = -w**3 - 4*w**2 + 10*w + 25. Let s be p(v). Let c(x) = -x**3 + x**2 + 17. Give c(s).
17
Let g(m) be the first derivative of 3*m**2/2 - 28*m - 391. Calculate g(14).
14
Suppose 11*q + q - 228 = 0. Suppose q*j - 18*j + 5 = 0. Let d(n) = n + 4. Give d(j).
-1
Let f(i) = 2330 + 19*i + 21*i - 1158 - 1020. What is f(-4)?
-8
Let u(y) = 0 - 2 - 5 - y. Let k(g) = -2*g**3 - 5*g**2 + 11*g - 22. Let x be k(-6). Suppose -5*o - 214 = -x. Determine u(o).
3
Let f(i) = i**3 + 7*i**2 + 17*i - 29. Let t(o) = 3*o**3 + 22*o**2 + 45*o - 86. Let w(c) = -11*f(c) + 4*t(c). Determine w(-11).
52
Suppose 23 = a + 8. Suppose 5 = -5*d + a. Let x(s) = -13*s + 2. Give x(d).
-24
Let q(h) = -2*h + 2. Let l be 2/(7 - 876/126). Let x be (1421/l)/7 + 2/12. Calculate q(x).
-8
Let h(p) be the second derivative of 151 - 11/6*p**3 + 7*p**2 - p + 1/12*p**4. Determine h(10).
4
Let o = -31 - -34. Let h(z) = z - 3 - o*z + 0 + 7*z. Let c = -223 - -220. Give h(c).
-18
Let t = -1446 + 1449. Let h(u) = u**3 - 3*u**2 - u - 6. Give h(t).
-9
Let c be (-3 + -16 - -3)*8/(-2). Let z = 69 - c. Let h(o) = 3*o**3 - 5*o - o - 4*o**2 - 2*o**3. Give h(z).
-5
Let z be (-1 + -4)*(57/(-15) + 3). Suppose -4*b = 4*h, 5*b - z*h + 45 = -0*b. Let d(y) be the third derivative of -y**4/24 + 2*y**3/3 - y**2. Determine d(b).
9
Let b(g) be the second derivative of g**7/280 + g**6/360 - g**5/120 - 197*g**4/12 - 43*g. Let c(t) be the third derivative of b(t). Determine c(1).
10
Let t(m) = -m**3 + 3*m**2. Let k be t(2). Let i(v) = 11 - 5*v - 5*v - k - v**2 + 0*v**2. Calculate i(-12).
-17
Let s = -10 - -6. Let f(z) = -2*z**3 - z + 5. Let h(r) = 5*r**3 + r**2 + 2*r - 10. Let i(v) = -7*f(v) - 3*h(v). What is i(s)?
7
Let a(j) = -j**3 - 4*j**2 + 5*j + 1. Let y = 28 - 16. Let p be y/(-9)*(14/4 + -2). Let o be p*(20/8)/1. Determine a(o).
1
Let p = -11 - -15. Let u(g) = -2*g + 3*g - p*g + 2*g. Suppose 47 = 40*n - 33. What is u(n)?
-2
Let o(m) = 2*m + 3. Let v be o(6). Let j = v - 9. Let i(p) = 28*p - 2. Let b(h) = -39*h + 2. Let u(y) = -5*b(y) - 7*i(y). Give u(j).
-2
Suppose -12 = -m + 3*m. Let u be 1/3 + 8/m. Let s(p) be the first derivative of 14*p**3/3 - p**2 - p + 3194. What is s(u)?
15
Let u(w) = w**3 - 9*w**2 - 21*w + 13. Let t be u(11). Let r(h) = 23 + t*h + 5 - 30*h - 6. What is r(4)?
-2
Let h(k) be the third derivative of 11*k**4/6 - 152*k**3/3 + 2776*k**2 - 1. What is h(7)?
4
Let r(t) = 14841*t + 225 - 14848*t - t**2 - 231. Let k = -1 - -3. Let u be 1*-4*3/k. What is r(u)?
0
Let c(q) = -q**3 - 10*q**2 - 8*q + 12. Let o be c(-9). Suppose -m - o = -7. Let j(l) = -m*l**2 + 3*l**2 - 2 - 3*l**2 - l. Calculate j(-2).
-16
Let p(w) = 2 - 3*w - 4 - w**2 + 0*w - 3*w. Let a = -1236 - -1231. Determine p(a).
3
Let i(p) = -7*p**2 + 7*p + 2. Let h(f) = -f**2 + f. Let v = -134 - -133. Let x(s) = v*i(s) + 6*h(s). Determine x(3).
4
Let l(z) = -14*z + 40. Let i(v) = -19*v + 47. Let c(d) = -3*i(d) + 4*l(d). Calculate c(-11).
8
Let p(k) = -k - 5. Suppose 8*j - 49 = 103. Let w = j - -6. Suppose -10*v = 105 - w. Calculate p(v).
3
Let o = 382 + -247. Let f = 136 - o. Let h(q) = 6*q - 1. Give h(f).
5
Let j(h) = 4*h**3 + 22*h**2 - 12*h - 1. Let b = -1078 - -1072. Calculate j(b).
-1
Let g = 224 - 222. Let k(i) = -6*i**g + 1 - 5692*i - i**3 + 5692*i. Give k(-6).
1
Let o(s) = -s**2 + 12*s - 6. Suppose 2*q - 26 = -0*q - 4*i, 0 = 2*i - 8. Suppose -2*v + 0*y = -4*y - 20, 0 = -q*v + 5*y + 45. Determine o(v).
26
Let j(l) = 6*l**3 + 3*l**2 - 2*l. Let o(z) = -6*z**3 - 2*z**2 + z. Let h(x) = 2*j(x) + 3*o(x). Let f = 37 - 33. Let p be (-24)/(-60)*10/f. What is h(p)?
-7
Let s(o) be the second derivative of -7*o**4/12 - o**3 + 9*o**2/2 + 12*o - 1. Let j(v) = 3*v**2 + v. Let n(h) = 2*j(h) + s(h). Give n(-6).
-3
Let u(a) be the second derivative of 3/2*a**2 - 1/12*a**4 + 0 - 33*a - 2/3*a**3. What is u(-4)?
3
Let u(o) = 96*o - 565. Let j be u(6). Let r(y) be the first derivative of -y**4/4 + 4*y**3 - 9*y**2/2 - 13*y - 1. What is r(j)?
9
Suppose -9*y + 13*y - 60 = 0. Let o(c) = -2*c + 14 - 7*c - 5*c + y*c. Determine o(-8).
6
Let j = 658 - 656. Let o(g) = 0 + g**2 - 715*g + 709*g + j. Calculate o(7).
9
Let c = -1030 + 1025. Let y(b) = b**2 + 10*b + 6. Calcu